83?
False
Does 26 divide 20543123?
False
Is 278 a factor of 2323246?
True
Does 123 divide 125337?
True
Is 3825198 a multiple of 26?
True
Is 38756 a multiple of 41?
False
Is 765 a factor of 303705?
True
Is 897 a factor of 865605?
True
Is 312 a factor of 189072?
True
Does 5 divide 168368?
False
Does 7 divide 69134?
False
Is 8 a factor of 509152?
True
Is 168 a factor of 8054256?
True
Is 238 a factor of 2271918?
False
Is 54677 a multiple of 21?
False
Is 4725828 a multiple of 251?
True
Is 561792 a multiple of 38?
True
Is 4 a factor of 14051?
False
Is 135467 a multiple of 30?
False
Is 404 a factor of 2057168?
True
Does 7 divide 2848941?
False
Is 11270820 a multiple of 16?
False
Does 163 divide 6661860?
False
Is 100654 a multiple of 118?
True
Does 4 divide 47590?
False
Does 17 divide 1951838?
True
Is 206 a factor of 254204?
True
Is 213 a factor of 3711738?
True
Does 46 divide 39909?
False
Is 668743 a multiple of 79?
False
Is 834972 a multiple of 102?
True
Does 231 divide 423885?
True
Is 428 a factor of 57780?
True
Is 1803600 a multiple of 24?
True
Is 3167920 a multiple of 560?
True
Is 12 a factor of 155963?
False
Is 1000 a factor of 134000?
True
Is 58 a factor of 19691675?
False
Is 25 a factor of 8301800?
True
Does 624 divide 1667273?
False
Is 279792 a multiple of 29?
True
Is 435767 a multiple of 489?
False
Is 11376 a multiple of 8?
True
Does 204 divide 9839532?
True
Does 15 divide 352963?
False
Is 483471 a multiple of 45?
False
Is 708 a factor of 2091287?
False
Is 100 a factor of 65600?
True
Is 120 a factor of 13080?
True
Does 1281 divide 10160892?
True
Is 905 a factor of 14192210?
True
Is 2773604 a multiple of 456?
False
Does 304 divide 5618683?
False
Does 1045 divide 6809220?
True
Does 860 divide 98348?
False
Is 209 a factor of 437689?
False
Is 1844848 a multiple of 24?
False
Is 2046544 a multiple of 76?
False
Is 415943 a multiple of 11?
True
Is 5442357 a multiple of 38?
False
Is 14 a factor of 1187999?
False
Does 12 divide 77805?
False
Is 736 a factor of 9779232?
True
Is 16 a factor of 97856?
True
Is 77400 a multiple of 72?
True
Is 348 a factor of 2307240?
True
Is 1172884 a multiple of 24?
False
Is 60 a factor of 183780?
True
Does 25 divide 574950?
True
Is 4828759 a multiple of 677?
False
Is 20521 a multiple of 344?
False
Is 44 a factor of 61380?
True
Is 295816 a multiple of 359?
True
Is 688 a factor of 570352?
True
Does 20 divide 14914588?
False
Is 301306 a multiple of 158?
True
Does 129 divide 1517685?
True
Does 358 divide 188254?
False
Is 25 a factor of 197977?
False
Is 94 a factor of 3008?
True
Does 353 divide 383732?
False
Is 640507 a multiple of 270?
False
Is 966048 a multiple of 116?
True
Does 8 divide 1727344?
True
Is 10370 a multiple of 85?
True
Is 31 a factor of 15899528?
True
Is 1267852 a multiple of 23?
True
Does 610 divide 2910920?
True
Is 28980 a multiple of 7?
True
Is 8936577 a multiple of 18?
False
Does 38 divide 664202?
True
Is 115 a factor of 272522?
False
Does 16 divide 8488512?
True
Is 31 a factor of 7227743?
True
Is 150 a factor of 6450000?
True
Is 88 a factor of 98482?
False
Is 715 a factor of 1203345?
True
Does 30 divide 113310?
True
Is 44 a factor of 1311904?
True
Is 623178 a multiple of 89?
True
Does 7 divide 1219365?
True
Does 406 divide 2549539?
False
Is 62 a factor of 137503?
False
Does 667 divide 162081?
True
Is 404446 a multiple of 98?
True
Does 13 divide 185055?
True
Is 1121796 a multiple of 141?
True
Does 10 divide 409841?
False
Is 1186650 a multiple of 293?
True
Is 232379 a multiple of 89?
True
Is 109125 a multiple of 25?
True
Does 13 divide 44226?
True
Does 13 divide 613813?
False
Is 6 a factor of 126562?
False
Does 74 divide 404040?
True
Is 109290 a multiple of 83?
False
Is 2889978 a multiple of 1082?
False
Does 36 divide 2802456?
True
Does 31 divide 1996462?
True
Is 106 a factor of 225992?
True
Does 29 divide 51753?
False
Is 4 a factor of 96433?
False
Is 138469 a multiple of 201?
False
Is 204150 a multiple of 25?
True
Does 3 divide 284310?
True
Is 60 a factor of 279780?
True
Does 18 divide 1511838?
True
Is 17 a factor of 4034933?
True
Does 18 divide 1635809?
False
Does 512 divide 180314?
False
Does 15 divide 6818765?
False
Does 1417 divide 17192461?
True
Is 7 a factor of 9807?
True
Does 103 divide 158826?
True
Is 51 a factor of 11373?
True
Does 6 divide 18468?
True
Does 9 divide 7595400?
False
Does 174 divide 3108684?
True
Is 155 a factor of 214124?
False
Is 5759154 a multiple of 53?
False
Is 18 a factor of 49680?
True
Is 533 a factor of 881504?
False
Is 72485 a multiple of 720?
False
Does 571 divide 2540881?
False
Is 128561 a multiple of 99?
False
Is 1871386 a multiple of 303?
False
Is 67814 a multiple of 46?
False
Does 9 divide 122382?
True
Does 24 divide 53335?
False
Is 1467292 a multiple of 94?
False
Is 1652740 a multiple of 85?
True
Is 251099 a multiple of 8?
False
Is 24984107 a multiple of 24?
False
Does 70 divide 108780?
True
Does 52 divide 44121?
False
Is 427664 a multiple of 30?
False
Is 1114896 a multiple of 264?
False
Is 967624 a multiple of 518?
True
Is 191301 a multiple of 341?
True
Does 6 divide 9754653?
False
Is 31 a factor of 366144?
False
Is 147 a factor of 2403303?
True
Is 293 a factor of 5092047?
True
Is 10 a factor of 160995?
False
Does 363 divide 538346?
False
Does 367 divide 488799?
False
Is 185558 a multiple of 54?
False
Is 65 a factor of 10140?
True
Is 1352448 a multiple of 18?
True
Is 296114 a multiple of 25?
False
Does 5 divide 28201?
False
Does 3 divide 101517?
True
Is 53 a factor of 11873537?
True
Is 33 a factor of 138798?
True
Is 21 a factor of 449253?
True
Is 18 a factor of 479477?
False
Is 12 a factor of 739916?
False
Does 39 divide 8117664?
False
Is 15 a factor of 7536439?
False
Is 12 a factor of 2926563?
False
Is 40 a factor of 93398?
False
Does 301 divide 187418?
False
Is 473370 a multiple of 207?
False
Does 55 divide 51467?
False
Is 24 a factor of 737808?
True
Is 204200 a multiple of 40?
True
Does 414 divide 78640?
False
Is 28 a factor of 576072?
True
Does 20 divide 1664800?
True
Is 231 a factor of 8839068?
False
Is 250304 a multiple of 27?
False
Does 35 divide 2019052?
False
Is 189393 a multiple of 142?
False
Is 2074 a multiple of 2?
True
Is 56 a factor of 96911?
False
Is 9037281 a multiple of 33?
True
Does 3 divide 1764642?
True
Does 29 divide 825978?
True
Does 475 divide 3197215?
False
Is 233678 a multiple of 5?
False
Is 724795 a multiple of 5?
True
Is 1268442 a multiple of 3?
True
Is 598904 a multiple of 8?
True
Is 549366 a multiple of 57?
True
Does 202 divide 2389302?
False
Does 12 divide 123900?
True
Does 28 divide 821744?
True
Is 270 a factor of 4945308?
False
Does 289 divide 9179796?
True
Is 1256848 a multiple of 16?
True
Is 198 a factor of 72468?
True
Is 13107 a multiple of 20?
False
Is 50 a factor of 403634?
False
Is 71 a factor of 2645024?
False
Does 42 divide 99607?
False
Does 22 divide 749731?
False
Is 19810 a multiple of 162?
False
Does 530 divide 1753901?
False
Does 55 divide 126610?
True
Is 545 a factor of 681842?
False
Is 350 a factor of 220939?
False
Is 1120135 a multiple of 4?
False
Does 74 divide 232743?
False
Is 14 a factor of 749454?
False
Is 1125775 a multiple of 538?
False
Does 12 divide 1137012?
True
Is 1631173 a multiple of 27?
False
Is 4 a factor of 667508?
True
Is 2 a factor of 3261?
False
Does 4 divide 330591?
False
Is 153042 a multiple of 46?
True
Is 37 a factor of 329078?
True
Is 3497309 a multiple of 223?
True
Is 352350 a multiple of 58?
True
Does 463 divide 2382499?
False
Is 207 a factor of 1968153?
False
Is 4775247 a multiple of 27?
True
Is 6635687 a multiple of 20?
False
Does 606 divide 256338?
True
Is 743424 a multiple of 17?
False
Is 75547 a multiple of 288?
False
Is 2230251 a multiple of 12?
False
Is 387 a factor of 7818924?
False
Is 473860 a multiple of 38?
True
Is 96390 a multiple of 18?
True
Does 9 divide 885901?
False
Does 17 divide 9207?
False
Is 252719 a multiple of 21?
False
Does 479 divide 156633?
True
Is 2219191 a multiple of 5?
False
Is 20726 a multiple of 482?
True
Is 1861 a factor of 26543443?
True
Is 16 a factor of 110318?
False
Does 86 divide 82414?
False
Does 504 divide 2862720?
True
Is 9 a factor of 3546?
True
Does 35 divide 13260135?
True
Does 304 divide 543856?
True
Does 65 divide 48815?
True
Is 21 a factor of 63420?